+ 88*t**2 - 9*t + 26. What is x(-13)?
-364
Let j(r) = 63905*r + 1342088. Determine j(-21).
83
Let p(g) = 35*g**2 + 99*g + 190. Determine p(-7).
1212
Let l(t) = t**3 + 20*t**2 - 465*t + 108. Give l(-34).
-266
Let o(f) = -85*f**2 + 5429*f + 196. What is o(64)?
-508
Let l(m) = 126*m**3 + 760*m**2 + 59*m + 161. What is l(-6)?
-49
Let s(v) = -4*v**2 + 1764*v + 34951. Determine s(460).
-9
Let s(a) = 12*a**3 + 12*a**2 + 33*a - 38. Calculate s(-4).
-746
Let c(o) = 2*o**2 - 59127*o + 1535944. What is c(26)?
-6
Let u(w) = -2*w**3 + 102*w**2 - 89*w + 40. What is u(50)?
590
Let m(j) = -j**2 + 18646*j - 55953. Determine m(3).
-24
Let g(n) = -21*n**3 - 10*n**2 + 19*n - 53. Calculate g(3).
-653
Let d(k) = 543*k + 14632. Determine d(-25).
1057
Let x(h) = 63*h - 2297. Give x(26).
-659
Let v(k) = -2*k**3 - 3*k**2 - 198*k - 1384. Give v(-8).
1032
Let i(b) = -67*b**2 - 2764*b - 129. What is i(-41)?
568
Let n(c) = -147388*c - 1326536. What is n(-9)?
-44
Let t(d) = -2*d**3 + 3*d**2 + 5*d - 33. Calculate t(-3).
33
Let d(n) = -41*n**2 + 350*n - 703. Give d(2).
-167
Let l(w) = w**3 - 45*w**2 + 258*w - 5483. What is l(42)?
61
Let c(b) = -11*b**2 - 4785*b + 255019. Give c(48).
-5
Let l(f) = -4*f**3 - 15*f**2 + 104*f + 34. What is l(4)?
-46
Let g(t) = t**3 + 20*t**2 - 209*t - 3622. Give g(-22).
8
Let p(g) = -3028*g + 154450. Calculate p(51).
22
Let x(o) = 6571*o**2 + 893654*o - 268. Determine x(-136).
4
Let s(x) = -35842*x - 251298. Give s(-7).
-404
Let j(n) = -n**3 - 142*n**2 + 358*n - 102064. Calculate j(-149).
1
Let u(x) = -x**3 + 52*x**2 - 663*x + 31244. What is u(51)?
32
Let l(t) = -91101*t - 364408. Give l(-4).
-4
Let z(y) = -2*y**2 - 71*y - 1305. Calculate z(-33).
-1140
Let z(l) = -4231*l - 287755. Give z(-68).
-47
Let d(k) = -6*k**3 - 297*k**2 + 724*k - 2921. Give d(-52).
-9
Let c(j) = -2552*j + 467029. Calculate c(183).
13
Let f(v) = -768*v**2 + 41493*v - 1119. Determine f(54).
15
Let k(b) = 4*b**2 + 249*b. Determine k(11).
3223
Let u(j) = 16*j**3 + 3795*j**2 + 710*j - 230. What is u(-237)?
7
Let c(b) = -46*b**3 + 451*b**2 - 455*b + 1. Calculate c(1).
-49
Let a(p) = -2*p**3 - 9*p**2 - 86*p - 458. What is a(-7)?
389
Let c(a) = a**3 - 21*a**2 - 167*a - 200. Determine c(-6).
-170
Let n(i) = 1099*i**2 - 14260*i - 31. Give n(13).
320
Let l(o) = 2*o**2 + 442*o + 14018. What is l(-183)?
110
Let u(r) = 6*r**3 - 81*r**2 + 74*r + 303. Calculate u(12).
-105
Let d(p) = -869*p + 1563. Calculate d(1).
694
Let t(r) = -2*r**2 + 9638*r + 86900. Give t(-9).
-4
Let i(a) = -362*a - 26193. What is i(-72)?
-129
Let v(z) = 30*z**2 - 375*z - 204. Give v(13).
-9
Let w(b) = b**3 - 41*b**2 + 221*b + 603. Give w(34).
25
Let f(a) = -1542*a + 30411. Determine f(20).
-429
Let w(j) = j**2 + 24071*j - 120420. Determine w(5).
-40
Let h(z) = 46751*z - 13417572. Calculate h(287).
-35
Let v(y) = -56866*y - 625557. Give v(-11).
-31
Let p(g) = -2*g**3 + 21*g**2 + 14*g - 30. Calculate p(9).
339
Let g(w) = 247*w + 180. Give g(6).
1662
Let b(j) = j**3 + 5*j**2 + 3*j + 914. What is b(-12)?
-130
Let x(i) = -397*i**2 - 784*i + 14. Calculate x(-2).
-6
Let w(b) = -366*b + 63526. Give w(173).
208
Let o(z) = -z**3 + 28*z**2 - 24*z - 52. Give o(27).
29
Let v(b) = 21820*b - 4691328. What is v(215)?
-28
Let t(s) = -2*s**3 - 25*s**2 + 35*s + 592. Determine t(-11).
-156
Let n(y) = -849737*y - 5948192. What is n(-7)?
-33
Let s(n) = 170*n - 55967. What is s(329)?
-37
Let x(l) = -l**3 + 119*l**2 + 1035*l - 52. Give x(127).
2361
Let y(h) = -3*h**3 - 735*h**2 - 7730*h - 58. What is y(-11)?
30
Let t(m) = m**3 - 195*m**2 + 5086*m - 57. Calculate t(31).
5
Let l(i) = -24*i**2 + 1339*i + 3983. Give l(-3).
-250
Let z(u) = 3061*u - 1126485. Give z(368).
-37
Let t(r) = 35*r**2 + 1402*r + 264. Give t(-40).
184
Let i(x) = -30*x**3 + 608*x**2 + 325*x + 2867. Calculate i(21).
-10
Let w(l) = -l**3 + 8*l**2 + 42*l - 246. Give w(8).
90
Let i(r) = 457*r - 4139. Determine i(10).
431
Let y(f) = f**2 + 150546*f + 53917141. What is y(-359)?
8
Let q(c) = c**3 - 177*c**2 - 11918*c + 2350. Give q(229).
60
Let m(g) = 27*g + 1481. Calculate m(5).
1616
Let w(l) = -l**2 - 1229*l + 14889. Determine w(12).
-3
Let g(p) = -32*p**2 - 1030*p - 3088. Calculate g(-3).
-286
Let p(a) = 3808*a**2 + 57247*a + 1900. Determine p(-15).
-5
Let r(i) = -14*i**2 - 6288*i + 44217. Calculate r(7).
-485
Let z(l) = -87674*l - 1578127. What is z(-18)?
5
Let a(w) = -2*w**2 + 172*w + 25043. Calculate a(162).
419
Let u(i) = -2*i**3 - 250*i**2 - 736*i - 453. Give u(-122).
35
Let l(h) = -408*h - 28581. What is l(-71)?
387
Let n(d) = 1267*d**2 - 6785*d + 2244. What is n(5)?
-6
Let h(v) = 645378*v - 10971431. What is h(17)?
-5
Let n(h) = -6*h**3 - 7*h**2 + 18*h + 93. What is n(-4)?
293
Let k(j) = -2*j**3 - 44*j**2 - 298*j + 56. Determine k(-9).
632
Let s(r) = -1089*r**2 + 9842*r - 394. Determine s(9).
-25
Let y(j) = 11*j**2 - 92*j + 212. Calculate y(3).
35
Let m(x) = 1038*x + 57452. Determine m(-56).
-676
Let p(x) = 2749*x + 8324. Calculate p(-3).
77
Let s(m) = 32*m**2 - 46*m + 114. Calculate s(5).
684
Let a(f) = -65*f**3 - 1981*f**2 + 931*f - 3817. What is a(-31)?
-4
Let w(p) = -27687*p + 110118. Determine w(4).
-630
Let j(f) = 7849*f**2 - 70663*f + 11. Calculate j(9).
-187
Let a(i) = 641*i**3 + 13*i**2 + 22*i + 8. What is a(-1)?
-642
Let x(g) = -2*g**2 + 1271*g - 86472. Give x(558).
18
Let i(k) = k**2 + 473*k + 16584. Give i(-38).
54
Let f(d) = 4357*d - 152670. What is f(35)?
-175
Let y(l) = -10149*l + 49728. Determine y(5).
-1017
Let c(t) = -75036*t + 825398. Calculate c(11).
2
Let b(u) = 2*u**3 - 4*u**2 - 700*u - 4183. Give b(-6).
-559
Let s(l) = -l**2 - 52755*l + 316568. Determine s(6).
2
Let r(h) = 48217*h - 2796598. Determine r(58).
-12
Let p(f) = 453252*f - 4532521. Determine p(10).
-1
Let l(r) = -7993*r - 183835. Calculate l(-23).
4
Let s(v) = -12*v**2 - 8197*v - 1310112. What is s(-428)?
-4
Let l(z) = 17*z**2 - 976*z + 9474. Give l(12).
210
Let b(z) = 310*z**3 + 6*z**2 + 139*z + 129. What is b(-1)?
-314
Let c(a) = -1103*a + 6230. What is c(7)?
-1491
Let h(o) = o**3 + 380*o**2 + 1031*o - 357. What is h(-3)?
-57
Let y(v) = 4*v**2 - 206*v + 1930. What is y(10)?
270
Let z(d) = d**3 - 219*d**2 + 2938*d + 49. What is z(14)?
1001
Let v(f) = 3*f**2 - 751*f + 9680. Determine v(239).
1554
Let b(v) = 1411667*v - 2823327. Calculate b(2).
7
Let r(f) = -785*f - 18306. What is r(-23)?
-251
Let r(c) = -155*c - 13156. Determine r(-85).
19
Let i(s) = 75493*s + 679427. Determine i(-9).
-10
Let g(f) = 54*f + 2616. Determine g(-56).
-408
Let q(d) = -2*d**2 - 176*d - 2406. Calculate q(-71).
8
Let q(m) = 5787*m + 118344. Give q(-20).
2604
Let a(z) = -6*z**2 + 6101*z - 18309. Calculate a(3).
-60
Let l(t) = -49*t**3 + 9*t**2 + 24*t + 45. Determine l(-2).
425
Let y(r) = -10*r**2 + 46*r + 194. What is y(-6)?
-442
Let o(v) = v**2 - 956*v + 228347. Calculate o(466).
7
Let c(d) = -2*d**3 - 16*d**2 + 8541*d - 16999. What is c(2)?
3
Let o(b) = -6597*b - 6593. Give o(-1).
4
Let g(z) = -29*z + 636. Calculate g(-50).
2086
Let f(k) = k**2 + 106*k - 2892. What is f(-128)?
-76
Let o(n) = 41*n**3 - 5124*n**2 - 143*n + 2246. What is o(125)?
-4
Let l(z) = -1028*z + 20519. Determine l(21).
-1069
Let v(b) = -296774*b + 296761. Give v(1).
-13
Let n(s) = -2*s**3 - 1114*s**2 - 8781*s + 1661. Give n(-549).
14
Let y(f) = 5540*f + 565534. Give y(-102).
454
Let y(f) = 61*f + 5401. What is y(-89)?
-28
Let y(r) = 2*r**2 + 313*r + 12777. Calculate y(-51).
2016
Let o(f) = -f**3 + 13*f**2 + 23057*f + 21306. Give o(-145).
-9
Let k(x) = 2*x**2 - 213*x - 30340. Calculate k(-81).
35
Let j(i) = 1134129*i - 5670644. Determine j(5).
1
Let t(r) = -1882*r + 496836. What is t(264)?
-12
Let z(h) = -5*h**2 - 15*h + 528. Determine z(-12).
-12
Let m(s) = -966*s - 238909. Give m(-248).
659
Let x(t) = -t**3 - 47*t**2 - 183*t - 844. What is x(-43)?
-371
Let u(l) = -2105*l + 206049. What is u(98)?
-241
Let p(i) = -i**3 + 22*i**2 + 1660*i - 36523. Give p(22).
-3
Let h(w) = -1685*w + 28242. What is h(17)?
-403
Let n(q) = -3*q**3 + 114*q**2 - 117*q + 333. Calculate n(37).
111
Let k(o) = -821*o + 8896. Calculate k(11).
-135
Let c(n) = 94*n**3 + 469*n**2 - 348*n - 1745. What is c(-5)?
-30
Let g(q) = q**3 - 344*q**2 + 7977*q - 564. What is g(319)?
74
Let h(j) = -604321*j + 604322. What is h(1)?
1
Let g(c) = 1598*c - 148622. Calculate g(93)